{"id":78,"date":"2019-11-18T22:48:11","date_gmt":"2019-11-18T21:48:11","guid":{"rendered":"http:\/\/www.adronix.ch\/?page_id=78"},"modified":"2026-03-22T12:01:11","modified_gmt":"2026-03-22T11:01:11","slug":"coaching-technologique-mecatronique-automation-industrielle-informatique-embarquee","status":"publish","type":"page","link":"https:\/\/adronix.ch\/","title":{"rendered":"Nous d\u00e9veloppons, avec vous, vos syst\u00e8mes embarqu\u00e9s industriels de la conception \u00e0 la production"},"content":{"rendered":"\n<h1 class=\"wp-block-heading has-text-align-center\"><strong>Laur\u00e9at du prix de cotraitance <\/strong><br><strong><a href=\"https:\/\/micronarc.ch\/actualite\/remise-du-prix-micronarc-2025\/\" target=\"_blank\" rel=\"noreferrer noopener\">Micronarc 2025<\/a><\/strong><\/h1>\n\n\n<div class=\"wp-block-image\">\n<figure class=\"aligncenter size-large is-resized\"><a href=\"https:\/\/micronarc.ch\/actualite\/remise-du-prix-micronarc-2025\/\" target=\"_blank\" rel=\"noreferrer noopener\"><img loading=\"lazy\" decoding=\"async\" width=\"1024\" height=\"242\" src=\"https:\/\/adronix.ch\/wp-content\/uploads\/2025\/12\/Logo_Micronarc_Noir-1024x242.png\" alt=\"\" class=\"wp-image-320\" style=\"width:232px;height:auto\" srcset=\"https:\/\/adronix.ch\/wp-content\/uploads\/2025\/12\/Logo_Micronarc_Noir-1024x242.png 1024w, https:\/\/adronix.ch\/wp-content\/uploads\/2025\/12\/Logo_Micronarc_Noir-300x71.png 300w, https:\/\/adronix.ch\/wp-content\/uploads\/2025\/12\/Logo_Micronarc_Noir-768x181.png 768w, https:\/\/adronix.ch\/wp-content\/uploads\/2025\/12\/Logo_Micronarc_Noir-1536x362.png 1536w, https:\/\/adronix.ch\/wp-content\/uploads\/2025\/12\/Logo_Micronarc_Noir.png 1916w\" sizes=\"(max-width: 1024px) 100vw, 1024px\" \/><\/a><\/figure><\/div>\n\n\n<p class=\"has-text-align-center\"><strong>Retrouvez-nous au stand C14 de la Halle 1.2<\/strong>:<\/p>\n\n\n<div class=\"wp-block-image\">\n<figure class=\"aligncenter size-large is-resized\"><img loading=\"lazy\" decoding=\"async\" width=\"1024\" height=\"341\" src=\"https:\/\/adronix.ch\/wp-content\/uploads\/2026\/03\/siams_logo_rvb-1024x341.jpg\" alt=\"\" class=\"wp-image-337\" style=\"width:184px;height:auto\" srcset=\"https:\/\/adronix.ch\/wp-content\/uploads\/2026\/03\/siams_logo_rvb-1024x341.jpg 1024w, https:\/\/adronix.ch\/wp-content\/uploads\/2026\/03\/siams_logo_rvb-300x100.jpg 300w, https:\/\/adronix.ch\/wp-content\/uploads\/2026\/03\/siams_logo_rvb-768x256.jpg 768w, https:\/\/adronix.ch\/wp-content\/uploads\/2026\/03\/siams_logo_rvb-1536x512.jpg 1536w, https:\/\/adronix.ch\/wp-content\/uploads\/2026\/03\/siams_logo_rvb-2048x683.jpg 2048w\" sizes=\"(max-width: 1024px) 100vw, 1024px\" \/><\/figure><\/div>\n\n\n<p><\/p>\n\n\n\n<p><\/p>\n\n\n\n<h1><strong><a href=\"http:\/\/www.adronix.ch\/?page_id=70\">\n<font color=\"#db2300\">SYSTEMES EMBARQUES INDUSTRIELS<\/font><\/strong><\/h1>\n\n\n\n<h3><a href=\"http:\/\/www.adronix.ch\/?page_id=70\"><font color=\"#2323dc\">D\u00e9veloppement \u00e9lectronique \/ Programmation embarqu\u00e9e \/ Production<\/font><\/a><\/h3>\n\n\n\n<h1><strong><a href=\"http:\/\/www.adronix.ch\/?page_id=256\">\n<font color=\"#db2300\">COACHING TECHNOLOGIQUE<\/font><\/strong><\/h1>\n\n\n\n<h3><a href=\"http:\/\/www.adronix.ch\/?page_id=256\"><font color=\"#2323dc\">M\u00e9catronique \/ Automation \/ Electronique embarqu\u00e9e<\/font><\/a><\/h3>\n","protected":false},"excerpt":{"rendered":"<p>Laur\u00e9at du prix de cotraitance Micronarc 2025 Retrouvez-nous au stand C14 de la Halle 1.2: SYSTEMES EMBARQUES INDUSTRIELS D\u00e9veloppement \u00e9lectronique \/ Programmation embarqu\u00e9e \/ Production COACHING TECHNOLOGIQUE M\u00e9catronique \/ Automation \/ Electronique embarqu\u00e9e<\/p>\n","protected":false},"author":1,"featured_media":0,"parent":0,"menu_order":0,"comment_status":"closed","ping_status":"closed","template":"","meta":{"footnotes":""},"class_list":["post-78","page","type-page","status-publish","hentry"],"_links":{"self":[{"href":"https:\/\/adronix.ch\/index.php?rest_route=\/wp\/v2\/pages\/78"}],"collection":[{"href":"https:\/\/adronix.ch\/index.php?rest_route=\/wp\/v2\/pages"}],"about":[{"href":"https:\/\/adronix.ch\/index.php?rest_route=\/wp\/v2\/types\/page"}],"author":[{"embeddable":true,"href":"https:\/\/adronix.ch\/index.php?rest_route=\/wp\/v2\/users\/1"}],"replies":[{"embeddable":true,"href":"https:\/\/adronix.ch\/index.php?rest_route=%2Fwp%2Fv2%2Fcomments&post=78"}],"version-history":[{"count":62,"href":"https:\/\/adronix.ch\/index.php?rest_route=\/wp\/v2\/pages\/78\/revisions"}],"predecessor-version":[{"id":340,"href":"https:\/\/adronix.ch\/index.php?rest_route=\/wp\/v2\/pages\/78\/revisions\/340"}],"wp:attachment":[{"href":"https:\/\/adronix.ch\/index.php?rest_route=%2Fwp%2Fv2%2Fmedia&parent=78"}],"curies":[{"name":"wp","href":"https:\/\/api.w.org\/{rel}","templated":true}]}}