{"id":28,"date":"2019-11-18T21:27:18","date_gmt":"2019-11-18T20:27:18","guid":{"rendered":"http:\/\/www.adronix.ch\/?page_id=28"},"modified":"2024-09-23T20:12:30","modified_gmt":"2024-09-23T18:12:30","slug":"services-pour-managers","status":"publish","type":"page","link":"https:\/\/adronix.ch\/?page_id=28","title":{"rendered":"Coaching technologique pour managers"},"content":{"rendered":"\n<h2 class=\"wp-block-heading\">Coaching technologique pour managers<\/h2>\n\n\n\n<p>Un\/e CTO, responsable technique ou propri\u00e8taire de PME a souvent des choix technologiques difficiles \u00e0 faire car potentiellement lourds de cons\u00e9quences. Il\/elle est aussi quelquefois confront\u00e9\/e \u00e0 des affirmations de ses collaborateurs ou de ses sous-traitants qu&rsquo;il\/elle n&rsquo;est pas en mesure de jauger valablement. Il pourrait \u00eatre tr\u00e8s utile de discuter avec quelqu&rsquo;un de comp\u00e9tent techniquement. C&rsquo;est impossible de le faire en interne ni avec des relations d&rsquo;affaires car ces personnes sont souvent impliqu\u00e9es de pr\u00e8s ou de loin dans la marche de l&rsquo;entreprise. Dans ces cas il peut \u00eatre tr\u00e8s int\u00e9ressant de faire appel \u00e0 <strong>ADronix<\/strong> pour profiter d&rsquo;un coaching technologique discret et comp\u00e9tent. <\/p>\n\n\n\n<p><strong>ADronix<\/strong> intervient pour:<\/p>\n\n\n\n<p>&#8211; Analyser et critiquer une option technologique<\/p>\n\n\n\n<p>&#8211; Aider au choix d&rsquo;une solution technique<\/p>\n\n\n\n<p>&#8211; Proposer des solutions techniques<\/p>\n\n\n\n<p>&#8211; Aider \u00e0 la r\u00e9solution de probl\u00e8mes techniques (d\u00e9veloppement, industrialisation, production etc&#8230;)<\/p>\n\n\n\n<p>&#8211; Proposer toute la palette des prestations offertes aux PME (voir rubrique \u00ab\u00a0Services pour PME\u00a0\u00bb)<\/p>\n\n\n<p><!--EndFragment--><\/p>","protected":false},"excerpt":{"rendered":"<p>Coaching technologique pour managers Un\/e CTO, responsable technique ou propri\u00e8taire de PME a souvent des choix technologiques difficiles \u00e0 faire car potentiellement lourds de cons\u00e9quences. Il\/elle est aussi quelquefois confront\u00e9\/e \u00e0 des affirmations de ses collaborateurs ou de ses sous-traitants qu&rsquo;il\/elle n&rsquo;est pas en mesure de jauger valablement. Il pourrait \u00eatre tr\u00e8s utile de discuter<\/p><\/div>\n<div class=\"blog-btn\"><a href=\"https:\/\/adronix.ch\/?page_id=28\" class=\"home-blog-btn\">Lire la suite<\/a><\/p>\n","protected":false},"author":1,"featured_media":0,"parent":0,"menu_order":0,"comment_status":"closed","ping_status":"closed","template":"","meta":{"footnotes":""},"class_list":["post-28","page","type-page","status-publish","hentry"],"_links":{"self":[{"href":"https:\/\/adronix.ch\/index.php?rest_route=\/wp\/v2\/pages\/28"}],"collection":[{"href":"https:\/\/adronix.ch\/index.php?rest_route=\/wp\/v2\/pages"}],"about":[{"href":"https:\/\/adronix.ch\/index.php?rest_route=\/wp\/v2\/types\/page"}],"author":[{"embeddable":true,"href":"https:\/\/adronix.ch\/index.php?rest_route=\/wp\/v2\/users\/1"}],"replies":[{"embeddable":true,"href":"https:\/\/adronix.ch\/index.php?rest_route=%2Fwp%2Fv2%2Fcomments&post=28"}],"version-history":[{"count":10,"href":"https:\/\/adronix.ch\/index.php?rest_route=\/wp\/v2\/pages\/28\/revisions"}],"predecessor-version":[{"id":232,"href":"https:\/\/adronix.ch\/index.php?rest_route=\/wp\/v2\/pages\/28\/revisions\/232"}],"wp:attachment":[{"href":"https:\/\/adronix.ch\/index.php?rest_route=%2Fwp%2Fv2%2Fmedia&parent=28"}],"curies":[{"name":"wp","href":"https:\/\/api.w.org\/{rel}","templated":true}]}}