{"id":26,"date":"2019-11-18T21:27:18","date_gmt":"2019-11-18T20:27:18","guid":{"rendered":"http:\/\/www.adronix.ch\/?page_id=26"},"modified":"2019-12-31T02:53:25","modified_gmt":"2019-12-31T01:53:25","slug":"audit-technique","status":"publish","type":"page","link":"https:\/\/adronix.ch\/?page_id=26","title":{"rendered":"Audit technique"},"content":{"rendered":"\n<h2 class=\"wp-block-heading\">Audit technique<\/h2>\n\n\n\n<p>Vous fabriquez depuis quelques temps une machine ou un appareil. Il peut \u00eatre tr\u00e8s profitable au point de vue \u00e9conomique d&rsquo;analyser votre produit ou votre processus de production. Cette analyse doit porter sur l&rsquo;\u00e9tat actuel de la technique, sur les probl\u00e8mes rencontr\u00e9s jusqu&rsquo;\u00e0 pr\u00e9sent et sur les perspectives futures. <\/p>\n\n\n\n<p><strong>ADronix<\/strong> peut par exemple intervenir de la mani\u00e8re suivante:<\/p>\n\n\n\n<p>&#8211; Aide \u00e0 la d\u00e9finition des objectifs d&rsquo;un re-design ou d&rsquo;une nouvelle version<\/p>\n\n\n\n<p>&#8211; Proposition d&rsquo;am\u00e9lioration sur la partie \u00e9lectronique\/contr\u00f4le<\/p>\n\n\n\n<p>&#8211; Proposition d&rsquo;am\u00e9lioration sur la partie m\u00e9canique et m\u00e9catronique<\/p>\n\n\n\n<p>&#8211; Proposition d&rsquo;am\u00e9lioration sur les proc\u00e9d\u00e9s et m\u00e9thodes de fabrication<\/p>\n\n\n\n<p>&#8211; Recherche de solutions innovantes capables de redonner une nouvelle vie au produit<\/p>\n\n\n\n<p>&#8211; Proposition d&rsquo;adaptation du produit aux technologies nouvelles (web, mobile, etc&#8230;)<\/p>\n\n\n\n<p>&#8211; Proposer des solutions optimales d&rsquo;industrialisation et de production<\/p>\n\n\n\n<p>&#8211; etc&#8230;<\/p>\n\n\n<p><!--EndFragment--><\/p>","protected":false},"excerpt":{"rendered":"<p>Audit technique Vous fabriquez depuis quelques temps une machine ou un appareil. Il peut \u00eatre tr\u00e8s profitable au point de vue \u00e9conomique d&rsquo;analyser votre produit ou votre processus de production. Cette analyse doit porter sur l&rsquo;\u00e9tat actuel de la technique, sur les probl\u00e8mes rencontr\u00e9s jusqu&rsquo;\u00e0 pr\u00e9sent et sur les perspectives futures. ADronix peut par exemple<\/p><\/div>\n<div class=\"blog-btn\"><a href=\"https:\/\/adronix.ch\/?page_id=26\" class=\"home-blog-btn\">Lire la suite<\/a><\/p>\n","protected":false},"author":1,"featured_media":0,"parent":0,"menu_order":0,"comment_status":"closed","ping_status":"closed","template":"","meta":{"footnotes":""},"class_list":["post-26","page","type-page","status-publish","hentry"],"_links":{"self":[{"href":"https:\/\/adronix.ch\/index.php?rest_route=\/wp\/v2\/pages\/26"}],"collection":[{"href":"https:\/\/adronix.ch\/index.php?rest_route=\/wp\/v2\/pages"}],"about":[{"href":"https:\/\/adronix.ch\/index.php?rest_route=\/wp\/v2\/types\/page"}],"author":[{"embeddable":true,"href":"https:\/\/adronix.ch\/index.php?rest_route=\/wp\/v2\/users\/1"}],"replies":[{"embeddable":true,"href":"https:\/\/adronix.ch\/index.php?rest_route=%2Fwp%2Fv2%2Fcomments&post=26"}],"version-history":[{"count":5,"href":"https:\/\/adronix.ch\/index.php?rest_route=\/wp\/v2\/pages\/26\/revisions"}],"predecessor-version":[{"id":205,"href":"https:\/\/adronix.ch\/index.php?rest_route=\/wp\/v2\/pages\/26\/revisions\/205"}],"wp:attachment":[{"href":"https:\/\/adronix.ch\/index.php?rest_route=%2Fwp%2Fv2%2Fmedia&parent=26"}],"curies":[{"name":"wp","href":"https:\/\/api.w.org\/{rel}","templated":true}]}}